d is divided by v.
31
Suppose 44*r + 32395 = 75*r. What is the remainder when r is divided by 66?
55
Let a = -1617 + 2136. What is the remainder when a is divided by 57?
6
Let f(n) = 4*n**3 + 8*n**2 - 18*n - 10. Let u(i) = i**3 + i**2 + i. Let r(l) = -f(l) + 3*u(l). Calculate the remainder when 101 is divided by r(-8).
33
Let w(v) = 4*v**2 + 3 - 4 + v**2. Calculate the remainder when w(5) is divided by 673680/40100*((15/6)/(-5) + 3).
40
Suppose -3944 = -98*k + 97*k. What is the remainder when 49 is divided by k/153 - 6/(-27)?
23
What is the remainder when 189 is divided by (-166)/(-4)*(-335 + 337)?
23
Let o(u) = 6*u**3 - 3*u**2 - u + 2. Let t be o(2). Let g = t + -15. Let j(z) = -z**2 + 6*z + 18. Calculate the remainder when g is divided by j(7).
10
Calculate the remainder when 158 is divided by 5/(-35) + 8547/147.
42
Let i = -28128 + 40802. What is the remainder when i is divided by 39?
38
Let b = -6 - -10. Suppose -13 - 83 = 24*a. Calculate the remainder when 50 is divided by (-2)/(a/26) + b.
16
Suppose 940 + 1020 = -14*a. Let x be (-10)/(-4)*7/(a/(-16)). Suppose x*j + 0*j = 22. What is the remainder when 32 is divided by j?
10
Let o(v) = 14*v**3 + 5*v**2 - 19*v - 1. What is the remainder when 563 is divided by o(2)?
5
Suppose 80 = -g + 5*g - 4*u, 0 = -4*g - 9*u + 80. Calculate the remainder when 132 is divided by g.
12
Suppose -4*w = 2*x - 5*w + 10, -4*x = 2*w + 4. Suppose f + 38*j - 32*j = -41, 23 = 2*f - 3*j. Calculate the remainder when 95 is divided by (-18 - -24)*(f - x).
23
Suppose -234*k = -226*k - 2464. What is the remainder when 785 is divided by k?
169
Let n(j) = -23*j + 60. Let m(a) = 3. Let p(f) = 5*m(f) - n(f). Suppose 16*i - 11*i = 175. Calculate the remainder when p(8) is divided by i.
34
Suppose 35*a - 184 = 31*a. Suppose 0 = -5*g - 479 + 554. Calculate the remainder when a is divided by g.
1
Suppose 115*x - 53*x = -70*x + 16104. What is the remainder when x is divided by 34?
20
Suppose -c - c = -3*n - 76, n = c - 38. Calculate the remainder when 143 + (-3 + 4 - -4) is divided by c.
34
Let o = 3245 - 3198. Calculate the remainder when 276 is divided by o.
41
Let v(c) = -c**2 - 10*c + 2562. What is the remainder when 723 is divided by v(-54)?
165
Suppose 4 = c - 1. Let n(j) = j**3 - 4*j**2 - 5*j + 10. Let w(t) = 9*t - 27. What is the remainder when w(5) is divided by n(c)?
8
Suppose 3*s - 174 = -4*j, -3*j + 50*s = 49*s - 111. Calculate the remainder when 583 is divided by j.
37
Suppose 0 = 47*g - 50*g + 1986. Let r = -461 + g. What is the remainder when r is divided by 29?
27
Let o(u) = -2466*u + 5449. What is the remainder when o(2) is divided by 331?
186
Let o(b) = -12*b - 37. Let y be o(6). Let d = -170 - y. What is the remainder when 38 is divided by d/(-3) - 6/(-9)?
17
Let m(y) = -y**2 - 96*y + 933. What is the remainder when m(0) is divided by 20?
13
Suppose 0 = -16*u + 22*u + 12. Calculate the remainder when 2348*(-5)/(-260) - u/(-13) is divided by 31.
14
Let d(z) = z**2 - 4*z + 5. Suppose -7*o + 4 = -5*o. Let t = o - -11. Calculate the remainder when d(t) is divided by 25.
22
Let w(o) = -2*o + 6. Let a be w(-13). Let d = a - -25. Suppose 13 = -4*k + d. What is the remainder when k is divided by 6?
5
Suppose 52*t + 2*w + 139 = 57*t, 0 = t - 3*w - 33. Calculate the remainder when 371 is divided by t.
20
Let r(m) be the first derivative of -3/2*m**2 + 3*m**3 - 26 - 6*m. Calculate the remainder when 106 is divided by r(-2).
34
Let y = -615 - -1125. What is the remainder when y is divided by 170?
0
Let t be (-2)/3*60/(-5). Calculate the remainder when 31 is divided by (-4050)/(-240) - (-1)/t.
14
Let q(s) = -14*s - 2. Let d be q(-2). Let a = 11 + d. Suppose -2*p - 92 = -6*p. What is the remainder when a is divided by p?
14
Suppose 19*p - 3581 = 3240. What is the remainder when p is divided by 98?
65
Let r(g) = g**2 + 7*g + 77. What is the remainder when 1614 is divided by r(-7)?
74
Suppose -3*k - 1 = r, -r - k - k + 1 = 0. Suppose -3*f = 3*o - 57, r*o - 5*f - 7 = 78. What is the remainder when 65 is divided by o?
11
Suppose -984 = -3*z + 3*m, 5*m - 1507 + 499 = -3*z. Let x = -319 + z. Calculate the remainder when 21 is divided by x.
9
Suppose -5*s = 3*g - 3537, -24*s = -3*g - 27*s + 3549. What is the remainder when g is divided by 3?
1
Let y be ((-2)/(-3))/((-12)/(-90)). Suppose -y*d + 192 = -4*v, 0 = -v - v + 4. Calculate the remainder when 165 is divided by d.
5
Suppose 2*q - 6 = -q. Let c(t) = -27*t**3 + 6*t + 0 + 2 + 2*t**q - t**2 - 2*t. Calculate the remainder when 103 is divided by c(-1).
25
Let b(p) = 10*p + 6 + 1 - 4 + 2*p**2. Let i = 469 - 474. What is the remainder when 10 is divided by b(i)?
1
Let n(s) = 421*s + 2991. Calculate the remainder when 350 is divided by n(-7).
42
Let g(m) = 2*m**2 + 10*m + 10. Let t be g(-6). Suppose -f + t = f. What is the remainder when 42 is divided by f?
9
Suppose -32*g = 140 + 84. Let h(j) = 2*j**2 + 4*j + 4. Calculate the remainder when 295 is divided by h(g).
73
Let w(a) = -6*a**2 - 288*a - 67. Calculate the remainder when w(-27) is divided by 71.
69
Suppose 14*m - 124 = -9 + 25. Calculate the remainder when 38 is divided by m.
8
Suppose -7*r + 5*r = -2*h - 54, -5*r - 2*h + 114 = 0. Suppose -5*v - 23*t = -r*t - 105, v = -t + 21. Calculate the remainder when 564 is divided by v.
18
Let q(b) = 8*b + 17. Let v be q(-3). Let m(a) = -a**2 + 4 + 4 + 5*a**2 - 5*a**2 - 8*a. Calculate the remainder when m(v) is divided by 4.
3
What is the remainder when (540/75)/9 - (-18828)/15 is divided by 17?
15
Let c be (-1)/(-2) + 1595/(-22). Let f = c - -76. Calculate the remainder when f/(-14) - 2611/(-49) is divided by 14.
11
Let a(d) = d**2 - 22*d - 180. What is the remainder when 1019 is divided by a(30)?
59
Suppose 4*j + 11*f - 12*f - 84 = 0, -5*j = 8*f - 142. Calculate the remainder when 569 is divided by j.
19
Let r(g) = -g**3 + 38*g**2 - 74*g + 298. What is the remainder when 2027 is divided by r(36)?
219
Let q = -185 - -195. Suppose q*u = 186 + 74. What is the remainder when 120 is divided by u?
16
Let v(f) = -f**2 - 16*f - 32. Let u be v(-4). Calculate the remainder when 333 is divided by (6 - 12)/((-6)/u).
13
Suppose 3*m - t - 4592 = 0, 3*t + 6126 = -3*m + 7*m. Suppose 41*r = 47*r - m. Calculate the remainder when r is divided by 86.
83
Suppose 0 = 4*k - 0*k - 8. Suppose 8 = -w + k*w. Let n(d) = d + 5. What is the remainder when 142 is divided by n(w)?
12
Calculate the remainder when 2/13 - 232/(-13) is divided by 18480/1870 + (-2)/(-17).
8
Let b(p) = p**3 - p + 1. Suppose 6 = 8*i - 5*i - 5*n, 0 = 2*i - 4*n - 4. Calculate the remainder when 23 is divided by b(i).
2
Suppose 3*w + 0*w + 57 = a, 4*w + 188 = 4*a. Let j be (26/(-65))/((-2)/80). Calculate the remainder when a is divided by j - (5 + -2 + -2).
12
Suppose 25*x - 9523 = -3*x - 8879. Calculate the remainder when 11176 is divided by x.
21
Suppose 2*g = 5*g - 330. Suppose -9*m - 73 = -11*m + a, 0 = -m - a + 32. Suppose 0 = -2*q + 8 - 10, -4*q + m = f. What is the remainder when g is divided by f?
32
Suppose -27410 = -4*q - 2*u, -4*q + 13134 + 14282 = 4*u. What is the remainder when q is divided by 89?
87
Suppose 0 = -10*v + 5*v + 2*h + 2961, -1769 = -3*v + 5*h. Suppose 601*o = v*o + 184. Calculate the remainder when 85 is divided by o.
16
Let c be (9/4)/(4 - 183/48). Let u = c - -11. What is the remainder when (196 + 8)*(-1 - (-15)/9) is divided by u?
21
Let g be (-143)/(-16 + 3) + -17. Let j(m) be the first derivative of 2*m**3/3 - m**2 - 11*m - 1. What is the remainder when j(g) is divided by 38?
35
Calculate the remainder when (-45)/(1620/(-7248)) - 1/3 is divided by 60.
21
Let r = -4281 - -4683. Calculate the remainder when r is divided by 204.
198
Calculate the remainder when 123*(408/60 - 7)/(9/(-750)) is divided by 103.
93
Suppose -5*f + 8*f = -x, 0 = 2*f - 5*x. Suppose -q = 4*y + 3*q - 412, f = -y - 2*q + 104. Suppose 166 - 7 = 3*p. What is the remainder when y is divided by p?
49
Suppose -3*h = 12*h + 105. Let w(g) = -18*g - 69. Calculate the remainder when w(h) is divided by 32.
25
Let f(b) = 234*b**3 - 2*b**2 + b - 1. Let d be f(1). Let c = d + -224. What is the remainder when 37 is divided by c?
5
Suppose -6*c - 1056 + 264 = 0. Let w = c + 166. Let y = w - 11. Calculate the remainder when 43 is divided by y.
20
Let j